hest common divisor of d and q.
1
Suppose 0 = 2*z + 2*h + 147 + 115, -4*h = -2*z - 262. Let l = z + 239. What is the greatest common divisor of 24 and l?
12
Let i be (-909)/(-15) - (0 - (-18)/30). Let o be 1/2 + 895/10. Calculate the greatest common factor of i and o.
30
Let i = -840 - -858. Calculate the greatest common divisor of i and 774.
18
Suppose 9*u - 14 = -5*u. Let j = 5 - 1. Suppose -2*t = -t + 4*m + 4, -j*t + 3*m + 22 = 0. What is the greatest common divisor of t and u?
1
Suppose -4 = -o - 0. Suppose -4*p = -o - 24. Suppose -5*d = 0, p*s - 2*s = d + 90. What is the highest common divisor of s and 126?
18
Suppose 5*c = 4*y - 1771 + 97, -5*y + 2*c = -2084. Calculate the highest common divisor of y and 8.
8
Let m = 69 - 132. Let o be ((-12)/(-4) - 6)*m. Let n = 27 - 6. What is the greatest common divisor of n and o?
21
Suppose -t + 2 = 0, 177 + 1046 = 5*l - t. What is the highest common divisor of 49 and l?
49
Suppose 3*v = 5*v. Let u(r) = -80*r - 78. Let q be u(-1). Suppose a + 17 = 5*p - v*p, -q = p - 2*a. What is the highest common factor of 28 and p?
4
Suppose 5*g + 68 = 5*p + 168, -2*g - p + 49 = 0. Calculate the greatest common factor of 92 and g.
23
Let a(w) be the first derivative of 43*w**3/3 - w**2/2 + 1. Let p be a(-1). Let m = 10 + 1. What is the greatest common factor of m and p?
11
Suppose -4*z + 4294 = 4*m + m, 4287 = 5*m - 3*z. What is the greatest common divisor of m and 234?
78
Let m = 12 - 5. Let z(y) = -3*y - 20. Let d be z(-9). Let i be d/(((-6)/33)/(-2)). What is the highest common divisor of m and i?
7
Let h be (-9*(-4)/(-16))/(1/(-12)). What is the highest common divisor of 18 and h?
9
Suppose 570 = 5*f - 540. Calculate the greatest common factor of 592 and f.
74
Let a = -5 + 5. Let q be (-3 + a)/((-33)/77). Calculate the highest common divisor of 63 and q.
7
Let w be 2*117/12*4/3. Suppose 2*y - w = y. Calculate the highest common divisor of y and 2.
2
Suppose 192 = -29*z + 33*z. Calculate the greatest common divisor of 48 and z.
48
Let s = -1550 + 1589. Calculate the greatest common factor of s and 3.
3
Let m(x) = x**3 + 16*x**2 + 24*x - 44. Let s be m(-14). Calculate the highest common factor of 108 and s.
12
Suppose 0*d + 1288 = 4*d. Suppose -17*o - 23*o = -1840. Calculate the greatest common factor of o and d.
46
Suppose -4*u + 0*u + 92 = 0. Suppose -6 = -0*d - 2*d. Suppose 5*r = -2*t - 3*t + 225, -d*r - t = -137. What is the highest common divisor of u and r?
23
Let z(n) = 6*n**3 + 35*n**2 - 9*n + 4. Let w be z(-6). What is the greatest common divisor of 946 and w?
22
Let w = -399 - -421. Calculate the highest common factor of 2 and w.
2
Suppose -3*d + 4*n = -32, -9 = 2*d - 3*n - 32. Suppose -2*c + 4*c = 16. What is the greatest common divisor of c and d?
4
Suppose 2*d - 3*d + 48 = 2*k, -5*k + 2*d + 120 = 0. What is the highest common divisor of 312 and k?
24
Let a be (1 + -13)/(692/(-519)). Suppose 0 = -3*j - 0*j + 135. Calculate the highest common factor of a and j.
9
Let w(r) = -2*r**3 - 9*r**2 - 10*r - 8. Let h be w(-6). What is the greatest common divisor of h and 100?
20
Let o = 14 + -2. Let w(a) = a**3 + a**2 + 2*a - 4. Let v = 13 + -9. Let u be w(v). What is the highest common factor of o and u?
12
Let u(o) = 2*o**2 + 5*o + 6. Let d be u(-2). Let a be 131 - -15*d/(-12). What is the highest common divisor of a and 18?
18
Let v(x) = 76*x + 11. Let u be v(13). Calculate the greatest common divisor of 27 and u.
27
Let g(o) = -o**3 + 13*o**2 + 38*o + 48. Let z be g(15). Calculate the greatest common divisor of 105 and z.
21
Let g = -347 - -875. What is the highest common factor of 96 and g?
48
Let j = 93 - 64. Suppose -7*u = -36 + j. Let t be (8/3)/((-3)/(-9)). What is the highest common factor of u and t?
1
Let m(r) = -3*r + 10. Let o be m(-8). Let p be o - 4/((-8)/6). Let w = p + -6. What is the greatest common factor of w and 31?
31
Let s be 1*(0 - 282) - (3 + -1). Let k be s/(-18) - (-14)/63. What is the greatest common divisor of k and 64?
16
Let d = -18 - -14. Let j(y) = y**3 - y**2 + y + 5. Let c be j(0). Let t = c + d. What is the greatest common factor of 7 and t?
1
Suppose 3 = -4*v - 61. Let l(t) = t**2 + 8*t - 7. Let z be l(v). Let c = 29 + -18. Calculate the greatest common factor of z and c.
11
Let h(u) = 10*u + 11. Let g be h(8). Suppose 3*y = y + 14. What is the greatest common factor of g and y?
7
Suppose 40 = 4*j + j. Let g(f) = 2*f + 0*f**2 - j*f**2 - f**2 + 8*f**2 + 9. Let r be g(4). Calculate the highest common divisor of r and 1.
1
Suppose -2*w - 30 = 3*w. Let j be (w/9 - -1)*12. Let n be 14*j/16*38. What is the highest common factor of n and 19?
19
Let w(c) = -c**3 + 5*c**2 + 5*c - 22. Let r be w(5). Suppose r*u - 4*p - 68 = 0, -2*p - p + 94 = 5*u. What is the greatest common factor of u and 50?
10
Let s = 220 + -93. Let t = s - -28. Calculate the greatest common factor of t and 31.
31
Suppose -f + 35 = t, f + 175 = 6*f + 4*t. Suppose -g + 28 = g. Calculate the highest common divisor of g and f.
7
Let x(i) be the first derivative of i**3/3 + 9*i**2/2 + 14*i + 48. Let j be x(-11). What is the greatest common factor of j and 108?
36
Let n(c) = 16*c + 6. Let f be n(5). Suppose 0 = -2*p + 6*t - t + 61, 0 = -p + 4*t + 23. What is the greatest common factor of p and f?
43
Suppose 3*p - 1 + 4 = 0. Let g(q) = -81*q**3 - q - 1. Let i be g(p). What is the greatest common divisor of i and 9?
9
Let p = -282 - -630. Calculate the greatest common factor of p and 24.
12
Let z = 692 + -305. Calculate the highest common divisor of 43 and z.
43
Suppose 15 + 7 = 2*m. Calculate the greatest common factor of 517 and m.
11
Let q(n) = -n**3 - 12*n**2 + 14*n + 16. Let r be q(-13). Let w be 2*((r - -1) + 5). Calculate the highest common divisor of w and 12.
6
Suppose 5*b - 3 = 2. Let w be ((3 - b) + 0)*11. Suppose -2*i + 6*r = 2*r - 324, 5*r = -20. What is the greatest common divisor of i and w?
22
Let l(m) = 3*m**2 - 6*m + 1. Let v(g) = 9*g - 51. Let a be v(6). Let w be l(a). What is the highest common divisor of w and 2?
2
Suppose -2*z - 140*i = -143*i - 52, -4*z - 4*i = -64. What is the greatest common factor of 65 and z?
5
Suppose -4*w - 449 = -i, -2*i - 3*w + 843 = -0*i. Calculate the greatest common factor of 39 and i.
39
Let f(t) = -2*t - 2. Let d be f(-4). Let z = 5 + d. Calculate the highest common divisor of 11 and z.
11
Let b(v) = 2*v**3 + 101*v**2 - 54*v - 69. Let h be b(-51). Let o be 6/(-21) + 298/14. Calculate the greatest common divisor of o and h.
21
Suppose 0 = -g - 0 + 8. Let l = -185 + 189. Let f be 528/99*6/l. Calculate the greatest common divisor of g and f.
8
Let c(y) = -11*y - 93. Let s be c(-11). What is the greatest common factor of s and 952?
28
Let r(l) = -l**3 + 9*l**2 - 7*l + 127. Let a be r(8). Calculate the greatest common factor of 30 and a.
15
Let j be (-2)/14*3 + 2862/63. What is the highest common factor of 135 and j?
45
Let s = -11 + 18. Let w(f) = -f**3 + f**2 + 12. Let t be w(0). Let d be (3/4)/(12/32) + t. What is the highest common divisor of d and s?
7
Let b be (-4 - (1 - 4)) + 113. Suppose -b - 116 = -2*d + 3*y, -5*y - 236 = -2*d. What is the highest common factor of d and 12?
12
Let h = 36 - 58. Let l = h - -25. Calculate the greatest common factor of l and 15.
3
Let m be ((-4)/(-6))/(35/210). What is the greatest common factor of 100 and m?
4
Suppose -13*y = 31 + 34. Let m be (-384)/y + (-8)/(-40). What is the highest common factor of m and 7?
7
Suppose 513 = -8*r - 47. Let g be (3*(-2)/(-9))/(r/(-945)). What is the greatest common divisor of g and 36?
9
Let q(r) = -2*r**2 + 12*r - 4. Let z be q(7). Let a be z/(-24) + (-634)/(-8). What is the greatest common divisor of 16 and a?
16
Let m be (161/(-21))/((-4)/12). Suppose -m = -2*k + 5*o, -4*o - 76 = -k - 3*k. Let p = -478 + 670. What is the highest common factor of p and k?
24
Suppose -4*s + 37 = 5. Suppose 10*q - 9*q = s. Calculate the highest common factor of 4 and q.
4
Suppose 5*c - 5 = 10. Suppose -c*k + 2*k + 32 = 0. Suppose 5*n - 958 = k. Calculate the highest common factor of 22 and n.
22
Suppose 2*b = -3*h - b - 12, 50 = -5*h + b. Let q = 16 + h. Suppose -2*u = -q - 5. Calculate the highest common divisor of u and 24.
6
Suppose -15 + 33 = -9*b. Suppose 3*z = 4*z - 8. Let c be (-4)/(-3)*(b + z). What 